70558322?
False
Does 24 divide 64731888?
True
Does 1573 divide 1944734121?
False
Is 46 a factor of 228011650?
True
Is 11734504 a multiple of 218?
True
Does 3 divide 13495579?
False
Is 943 a factor of 6008556551?
False
Is 3901724 a multiple of 74?
True
Does 10628 divide 461063896?
True
Is 190 a factor of 44375070?
True
Does 324 divide 7424460?
True
Is 90 a factor of 1123495560?
True
Is 36562570 a multiple of 205?
True
Does 263 divide 394843826?
False
Is 113 a factor of 3068469?
False
Does 45 divide 30135824?
False
Does 443 divide 112188213?
False
Is 279 a factor of 243129249?
True
Does 6 divide 48402330?
True
Is 74 a factor of 221758242?
True
Is 27 a factor of 1381095711?
True
Is 1765 a factor of 21501230?
True
Does 2587 divide 872742559?
True
Is 203029224 a multiple of 265?
False
Is 46 a factor of 139469562?
True
Is 292 a factor of 466901576?
True
Is 70723656 a multiple of 264?
False
Is 9 a factor of 536407326?
True
Is 328 a factor of 71899568?
True
Is 8770096 a multiple of 38?
True
Is 143 a factor of 12290707?
True
Is 32507798 a multiple of 15?
False
Is 69696546 a multiple of 333?
False
Is 10203466 a multiple of 26?
True
Is 17 a factor of 133094773?
False
Is 102790556 a multiple of 22?
True
Is 1395165338 a multiple of 10?
False
Does 3269 divide 9528324?
False
Does 1232 divide 123423494?
False
Is 562200235 a multiple of 2593?
False
Does 45 divide 68104897?
False
Does 697 divide 47097921?
False
Is 193 a factor of 113525302?
True
Is 44259600 a multiple of 1200?
True
Is 634 a factor of 1534011184?
True
Does 2106 divide 23427721?
False
Is 186 a factor of 2995902?
True
Is 2680590 a multiple of 48?
False
Does 4379 divide 1044982192?
False
Does 32 divide 16072000?
True
Is 32722984 a multiple of 196?
True
Does 556 divide 36912840?
True
Is 165 a factor of 118369185?
True
Does 1817 divide 134846838?
True
Does 1101 divide 400080279?
True
Does 564 divide 422104368?
True
Is 20 a factor of 158659460?
True
Is 8 a factor of 20780290?
False
Is 28 a factor of 19420794?
False
Is 105062963 a multiple of 52?
False
Does 46 divide 33366912?
False
Is 784 a factor of 94900339?
False
Does 43 divide 1375559379?
True
Is 10 a factor of 1036471140?
True
Is 224365425 a multiple of 264?
False
Is 120 a factor of 626331720?
True
Is 67607432 a multiple of 47?
True
Is 16930574 a multiple of 443?
True
Is 617 a factor of 620017520?
False
Does 82 divide 17151120?
True
Is 10951540 a multiple of 20?
True
Is 2869476 a multiple of 134?
True
Is 256525156 a multiple of 2242?
True
Is 1814889048 a multiple of 2604?
True
Is 19145808 a multiple of 561?
True
Does 12 divide 171040826?
False
Does 1235 divide 2211778493?
False
Is 2 a factor of 82017906?
True
Is 335431500 a multiple of 1596?
False
Is 73174524 a multiple of 642?
False
Is 56733449 a multiple of 7?
False
Is 735 a factor of 18733680?
True
Is 7549565508 a multiple of 12?
True
Is 6507312 a multiple of 107?
True
Does 1896 divide 1028549664?
True
Does 3433 divide 714040857?
False
Is 269007190 a multiple of 5626?
True
Does 460 divide 9970960?
True
Does 5827 divide 2391382590?
False
Does 1342 divide 455767360?
False
Is 433275546 a multiple of 599?
False
Is 106 a factor of 6289274?
False
Is 44597830 a multiple of 18?
False
Is 69 a factor of 562735628?
False
Does 2585 divide 70266714?
False
Does 10 divide 414652528?
False
Does 706 divide 125840738?
False
Is 14 a factor of 150598592?
False
Is 1455024948 a multiple of 20?
False
Is 35 a factor of 36980580?
True
Is 1583312820 a multiple of 60?
True
Does 149 divide 12270964?
False
Is 1363670 a multiple of 110?
True
Does 319 divide 3266852?
False
Is 7547322 a multiple of 438?
False
Is 1301 a factor of 5462267889?
False
Is 194 a factor of 1480452062?
False
Is 657796626 a multiple of 31?
True
Is 164908438 a multiple of 64?
False
Is 38969116 a multiple of 11?
False
Is 15 a factor of 984268856?
False
Is 4075 a factor of 260995600?
True
Is 104360212 a multiple of 3179?
True
Is 41897562 a multiple of 2?
True
Does 104 divide 425404663?
False
Does 107 divide 14497644?
True
Is 2769871876 a multiple of 5596?
False
Is 2849744480 a multiple of 440?
True
Does 4867 divide 284529687?
True
Is 37 a factor of 19381979?
False
Is 40281707 a multiple of 12?
False
Is 21886930 a multiple of 5?
True
Is 80996616 a multiple of 4248?
True
Is 26118526 a multiple of 7?
True
Does 20 divide 24307679?
False
Does 32 divide 2543404249?
False
Is 35 a factor of 165264470?
True
Does 6 divide 18855293?
False
Is 58 a factor of 2212989473?
False
Is 767485998 a multiple of 71?
False
Is 374 a factor of 334357416?
False
Does 164 divide 51616699?
False
Does 10 divide 396427051?
False
Does 556 divide 2747718640?
True
Is 7686662 a multiple of 218?
False
Is 2013397036 a multiple of 406?
True
Does 1783 divide 258913515?
False
Is 95942620 a multiple of 804?
False
Is 1241 a factor of 301281293?
True
Is 454 a factor of 3327845878?
True
Does 433 divide 85048110?
False
Is 225059944 a multiple of 8?
True
Does 1836 divide 1255203452?
False
Is 37989492 a multiple of 146?
True
Is 13521 a factor of 1246916573?
False
Is 270756764 a multiple of 31?
False
Does 961 divide 28583023?
True
Is 23 a factor of 333081860?
True
Does 24 divide 616652088?
True
Is 238460032 a multiple of 284?
True
Does 47 divide 2888855?
True
Does 147 divide 686681541?
True
Is 307 a factor of 31450922?
True
Is 38271360 a multiple of 310?
True
Is 164723212 a multiple of 31?
True
Does 220 divide 75067080?
True
Is 468483384 a multiple of 187?
False
Is 270 a factor of 274278558?
False
Is 437180375 a multiple of 1659?
False
Is 31260250 a multiple of 7?
True
Is 264 a factor of 3288413568?
True
Is 15001908 a multiple of 5?
False
Does 360 divide 220769391?
False
Is 37840766 a multiple of 3?
False
Does 790 divide 17091650?
True
Does 13 divide 6771846944?
False
Is 3645129506 a multiple of 1913?
False
Is 22 a factor of 2164977144?
True
Does 225 divide 312841350?
True
Does 389 divide 80516776?
True
Is 134181104 a multiple of 236?
True
Is 7390328 a multiple of 4?
True
Is 167026512 a multiple of 261?
False
Is 211619 a multiple of 16?
False
Is 5 a factor of 546906115?
True
Is 317 a factor of 20203995?
True
Does 2526 divide 443075556?
True
Is 18 a factor of 540233640?
True
Does 141 divide 63510086?
False
Does 1661 divide 402023457?
True
Is 8 a factor of 84678416?
True
Is 35855465 a multiple of 1686?
False
Is 323603592 a multiple of 23?
False
Is 198 a factor of 49616820?
True
Is 27381077 a multiple of 9?
False
Is 4997 a factor of 656305980?
True
Does 35 divide 255235680?
True
Is 1681 a factor of 1216642241?
True
Does 1870 divide 58401970?
True
Does 10 divide 188027759?
False
Does 743 divide 494786882?
False
Is 89 a factor of 1257240344?
True
Does 3041 divide 1078617019?
False
Is 6775623 a multiple of 638?
False
Does 2 divide 2818726?
True
Is 76939616 a multiple of 32?
True
Does 156 divide 91834704?
True
Is 37161160 a multiple of 442?
False
Is 466 a factor of 13165959?
False
Is 657055529 a multiple of 66?
False
Does 622 divide 387065078?
False
Is 528109966 a multiple of 1635?
False
Does 75 divide 2563561374?
False
Is 161380133 a multiple of 17?
True
Does 162 divide 15816060?
True
Is 483312917 a multiple of 75?
False
Is 13996812 a multiple of 5?
False
Is 1844204 a multiple of 10?
False
Is 191 a factor of 99438229?
True
Does 19 divide 1048385392?
False
Does 972 divide 2344810032?
True
Is 15 a factor of 150523935?
True
Is 32902487 a multiple of 421?
False
Is 706400089 a multiple of 3558?
False
Is 53488921 a multiple of 60?
False
Is 666548 a multiple of 2347?
True
Is 42440175 a multiple of 25?
True
Is 770 a factor of 9890650?
True
Does 741 divide 16991172?
False
Is 29835810 a multiple of 34?
False
Is 43 a factor of 78221472?
True
Is 1187993289 a multiple of 147?
True
Does 2095 divide 32962730?
True
Is 340444362 a multiple of 21?
False
Does 24 divide 984641206?
False
Is 23060610 a multiple of 6?
True
Does 10 divide 348884957?
False
Is 22199021 a multiple of 13?
True
Is 191105730 a multiple of 213?
True
Is 71662953 a multiple of 174?
False
Is 361551360 a multiple of 2104?
True
Does 14 divide 31088022?
True
Does 86 divide 22225410?
True
Is 313 a factor of 66202630?
True
Does 103 divide 10010457?
False
Is 30325752 a multiple of 586?
False
Is 2496284284 a multiple of 9?
False
Is 14 a factor of 4337326340?
F